{"id":792,"date":"2022-11-04T11:17:41","date_gmt":"2022-11-04T10:17:41","guid":{"rendered":"https:\/\/marcstschibi.ch\/?page_id=792"},"modified":"2024-06-06T10:29:47","modified_gmt":"2024-06-06T09:29:47","slug":"angebot","status":"publish","type":"page","link":"https:\/\/marcstschibi.ch\/index.php\/home\/angebot\/","title":{"rendered":"Angebot"},"content":{"rendered":"\t\t<div data-elementor-type=\"wp-page\" data-elementor-id=\"792\" class=\"elementor elementor-792\">\n\t\t\t\t\t\t\t\t\t<section class=\"elementor-section elementor-top-section elementor-element elementor-element-8a794bc elementor-section-boxed elementor-section-height-default elementor-section-height-default\" data-id=\"8a794bc\" data-element_type=\"section\">\n\t\t\t\t\t\t<div class=\"elementor-container elementor-column-gap-default\">\n\t\t\t\t\t<div class=\"elementor-column elementor-col-100 elementor-top-column elementor-element elementor-element-eac973b\" data-id=\"eac973b\" data-element_type=\"column\">\n\t\t\t<div class=\"elementor-widget-wrap elementor-element-populated\">\n\t\t\t\t\t\t\t\t<div class=\"elementor-element elementor-element-6f99747 elementor-grid-3 elementor-grid-tablet-2 elementor-grid-mobile-1 elementor-posts--thumbnail-top elementor-card-shadow-yes elementor-posts__hover-gradient elementor-widget elementor-widget-posts\" data-id=\"6f99747\" data-element_type=\"widget\" data-settings=\"{&quot;cards_columns&quot;:&quot;3&quot;,&quot;cards_columns_tablet&quot;:&quot;2&quot;,&quot;cards_columns_mobile&quot;:&quot;1&quot;,&quot;cards_row_gap&quot;:{&quot;unit&quot;:&quot;px&quot;,&quot;size&quot;:35,&quot;sizes&quot;:[]},&quot;cards_row_gap_tablet&quot;:{&quot;unit&quot;:&quot;px&quot;,&quot;size&quot;:&quot;&quot;,&quot;sizes&quot;:[]},&quot;cards_row_gap_mobile&quot;:{&quot;unit&quot;:&quot;px&quot;,&quot;size&quot;:&quot;&quot;,&quot;sizes&quot;:[]}}\" data-widget_type=\"posts.cards\">\n\t\t\t\t<div class=\"elementor-widget-container\">\n\t\t\t<link rel=\"stylesheet\" href=\"https:\/\/marcstschibi.ch\/wp-content\/plugins\/elementor-pro\/assets\/css\/widget-posts.min.css\">\t\t<div class=\"elementor-posts-container elementor-posts elementor-posts--skin-cards elementor-grid\">\n\t\t\t\t<article class=\"elementor-post elementor-grid-item post-2250 post type-post status-publish format-standard has-post-thumbnail hentry category-aktuelles category-angebot tag-bankett tag-catering tag-essen tag-feier tag-fest tag-grill tag-trinken\">\n\t\t\t<div class=\"elementor-post__card\">\n\t\t\t\t<a class=\"elementor-post__thumbnail__link\" href=\"https:\/\/marcstschibi.ch\/index.php\/2024\/06\/06\/bankette-und-catering\/\" ><div class=\"elementor-post__thumbnail\"><img loading=\"lazy\" decoding=\"async\" width=\"300\" height=\"225\" src=\"https:\/\/marcstschibi.ch\/wp-content\/uploads\/2023\/10\/20230801_092125-300x225.jpg\" class=\"attachment-medium size-medium\" alt=\"\" srcset=\"https:\/\/marcstschibi.ch\/wp-content\/uploads\/2023\/10\/20230801_092125-300x225.jpg 300w, https:\/\/marcstschibi.ch\/wp-content\/uploads\/2023\/10\/20230801_092125-1024x768.jpg 1024w, https:\/\/marcstschibi.ch\/wp-content\/uploads\/2023\/10\/20230801_092125-768x576.jpg 768w, https:\/\/marcstschibi.ch\/wp-content\/uploads\/2023\/10\/20230801_092125-1536x1152.jpg 1536w, https:\/\/marcstschibi.ch\/wp-content\/uploads\/2023\/10\/20230801_092125-2048x1536.jpg 2048w\" sizes=\"auto, (max-width: 300px) 100vw, 300px\" \/><\/div><\/a>\n\t\t\t\t<div class=\"elementor-post__text\">\n\t\t\t\t<h3 class=\"elementor-post__title\">\n\t\t\t<a href=\"https:\/\/marcstschibi.ch\/index.php\/2024\/06\/06\/bankette-und-catering\/\" >\n\t\t\t\tBankette und Catering\t\t\t<\/a>\n\t\t<\/h3>\n\t\t\t\t<div class=\"elementor-post__excerpt\">\n\t\t\t<p>Ein Fest geplant? Bei uns sind sie richtig! F\u00fcr Bankette bis 40 Personen oder als Catering. Gerne beraten wir sie Pers\u00f6nlich weiter. &nbsp;<\/p>\n\t\t<\/div>\n\t\t\n\t\t<a class=\"elementor-post__read-more\" href=\"https:\/\/marcstschibi.ch\/index.php\/2024\/06\/06\/bankette-und-catering\/\" >\n\t\t\tWeiterlesen \u00bb\t\t<\/a>\n\n\t\t\t\t<\/div>\n\t\t\t\t\t<\/div>\n\t\t<\/article>\n\t\t\t\t<article class=\"elementor-post elementor-grid-item post-2760 post type-post status-publish format-standard has-post-thumbnail hentry category-aktuelles category-angebot tag-essen tag-events tag-konzert tag-musik tag-trinken tag-tschibi\">\n\t\t\t<div class=\"elementor-post__card\">\n\t\t\t\t<a class=\"elementor-post__thumbnail__link\" href=\"https:\/\/marcstschibi.ch\/index.php\/2025\/03\/04\/tschibi-events\/\" ><div class=\"elementor-post__thumbnail\"><img loading=\"lazy\" decoding=\"async\" width=\"213\" height=\"300\" src=\"https:\/\/marcstschibi.ch\/wp-content\/uploads\/2025\/03\/Screenshot_20260410_121018_Dropbox-213x300.jpg\" class=\"attachment-medium size-medium\" alt=\"\" srcset=\"https:\/\/marcstschibi.ch\/wp-content\/uploads\/2025\/03\/Screenshot_20260410_121018_Dropbox-213x300.jpg 213w, https:\/\/marcstschibi.ch\/wp-content\/uploads\/2025\/03\/Screenshot_20260410_121018_Dropbox-728x1024.jpg 728w, https:\/\/marcstschibi.ch\/wp-content\/uploads\/2025\/03\/Screenshot_20260410_121018_Dropbox-768x1081.jpg 768w, https:\/\/marcstschibi.ch\/wp-content\/uploads\/2025\/03\/Screenshot_20260410_121018_Dropbox.jpg 1080w\" sizes=\"auto, (max-width: 213px) 100vw, 213px\" \/><\/div><\/a>\n\t\t\t\t<div class=\"elementor-post__text\">\n\t\t\t\t<h3 class=\"elementor-post__title\">\n\t\t\t<a href=\"https:\/\/marcstschibi.ch\/index.php\/2025\/03\/04\/tschibi-events\/\" >\n\t\t\t\ttschibi Events\t\t\t<\/a>\n\t\t<\/h3>\n\t\t\t\t<div class=\"elementor-post__excerpt\">\n\t\t\t\t\t<\/div>\n\t\t\n\t\t<a class=\"elementor-post__read-more\" href=\"https:\/\/marcstschibi.ch\/index.php\/2025\/03\/04\/tschibi-events\/\" >\n\t\t\tWeiterlesen \u00bb\t\t<\/a>\n\n\t\t\t\t<\/div>\n\t\t\t\t\t<\/div>\n\t\t<\/article>\n\t\t\t\t<article class=\"elementor-post elementor-grid-item post-597 post type-post status-publish format-standard has-post-thumbnail hentry category-aktuelles category-angebot\">\n\t\t\t<div class=\"elementor-post__card\">\n\t\t\t\t<a class=\"elementor-post__thumbnail__link\" href=\"https:\/\/marcstschibi.ch\/index.php\/2023\/02\/27\/wochenmenu\/\" ><div class=\"elementor-post__thumbnail\"><img loading=\"lazy\" decoding=\"async\" width=\"300\" height=\"225\" src=\"https:\/\/marcstschibi.ch\/wp-content\/uploads\/2022\/10\/20230127_122812-1-rotated-e1675674314575-300x225.jpg\" class=\"attachment-medium size-medium\" alt=\"\" srcset=\"https:\/\/marcstschibi.ch\/wp-content\/uploads\/2022\/10\/20230127_122812-1-rotated-e1675674314575-300x225.jpg 300w, https:\/\/marcstschibi.ch\/wp-content\/uploads\/2022\/10\/20230127_122812-1-rotated-e1675674314575-1024x768.jpg 1024w, https:\/\/marcstschibi.ch\/wp-content\/uploads\/2022\/10\/20230127_122812-1-rotated-e1675674314575-768x576.jpg 768w, https:\/\/marcstschibi.ch\/wp-content\/uploads\/2022\/10\/20230127_122812-1-rotated-e1675674314575-1536x1151.jpg 1536w, https:\/\/marcstschibi.ch\/wp-content\/uploads\/2022\/10\/20230127_122812-1-rotated-e1675674314575.jpg 2009w\" sizes=\"auto, (max-width: 300px) 100vw, 300px\" \/><\/div><\/a>\n\t\t\t\t<div class=\"elementor-post__text\">\n\t\t\t\t<h3 class=\"elementor-post__title\">\n\t\t\t<a href=\"https:\/\/marcstschibi.ch\/index.php\/2023\/02\/27\/wochenmenu\/\" >\n\t\t\t\tTagesmenu\t\t\t<\/a>\n\t\t<\/h3>\n\t\t\t\t<div class=\"elementor-post__excerpt\">\n\t\t\t<p>Tagesmenu Montag Suppe oder Salat *** Hackbraten mit Teigwaren | 19.50 *** B\u00e4rlauchravioli | 19.00 *** Kleine s\u00fcsse \u00dcberraschung Dienstag Suppe oder Salat *** Schweinshalsbraten<\/p>\n\t\t<\/div>\n\t\t\n\t\t<a class=\"elementor-post__read-more\" href=\"https:\/\/marcstschibi.ch\/index.php\/2023\/02\/27\/wochenmenu\/\" >\n\t\t\tWeiterlesen \u00bb\t\t<\/a>\n\n\t\t\t\t<\/div>\n\t\t\t\t\t<\/div>\n\t\t<\/article>\n\t\t\t\t<article class=\"elementor-post elementor-grid-item post-210 post type-post status-publish format-standard has-post-thumbnail hentry category-aktuelles category-angebot\">\n\t\t\t<div class=\"elementor-post__card\">\n\t\t\t\t<a class=\"elementor-post__thumbnail__link\" href=\"https:\/\/marcstschibi.ch\/index.php\/2022\/08\/05\/wochenhit\/\" ><div class=\"elementor-post__thumbnail\"><img loading=\"lazy\" decoding=\"async\" width=\"300\" height=\"225\" src=\"https:\/\/marcstschibi.ch\/wp-content\/uploads\/2022\/08\/20250611_123543-scaled-e1776062264860-300x225.jpg\" class=\"attachment-medium size-medium\" alt=\"\" srcset=\"https:\/\/marcstschibi.ch\/wp-content\/uploads\/2022\/08\/20250611_123543-scaled-e1776062264860-300x225.jpg 300w, https:\/\/marcstschibi.ch\/wp-content\/uploads\/2022\/08\/20250611_123543-scaled-e1776062264860-1024x768.jpg 1024w, https:\/\/marcstschibi.ch\/wp-content\/uploads\/2022\/08\/20250611_123543-scaled-e1776062264860-768x576.jpg 768w, https:\/\/marcstschibi.ch\/wp-content\/uploads\/2022\/08\/20250611_123543-scaled-e1776062264860-1536x1152.jpg 1536w, https:\/\/marcstschibi.ch\/wp-content\/uploads\/2022\/08\/20250611_123543-scaled-e1776062264860-2048x1536.jpg 2048w\" sizes=\"auto, (max-width: 300px) 100vw, 300px\" \/><\/div><\/a>\n\t\t\t\t<div class=\"elementor-post__text\">\n\t\t\t\t<h3 class=\"elementor-post__title\">\n\t\t\t<a href=\"https:\/\/marcstschibi.ch\/index.php\/2022\/08\/05\/wochenhit\/\" >\n\t\t\t\tSpeisekarte\t\t\t<\/a>\n\t\t<\/h3>\n\t\t\t\t<div class=\"elementor-post__excerpt\">\n\t\t\t<p>Hier finden Sie unsere Speisekarte.<\/p>\n\t\t<\/div>\n\t\t\n\t\t<a class=\"elementor-post__read-more\" href=\"https:\/\/marcstschibi.ch\/index.php\/2022\/08\/05\/wochenhit\/\" >\n\t\t\tWeiterlesen \u00bb\t\t<\/a>\n\n\t\t\t\t<\/div>\n\t\t\t\t\t<\/div>\n\t\t<\/article>\n\t\t\t\t<article class=\"elementor-post elementor-grid-item post-692 post type-post status-publish format-standard has-post-thumbnail hentry category-aktuelles category-angebot\">\n\t\t\t<div class=\"elementor-post__card\">\n\t\t\t\t<a class=\"elementor-post__thumbnail__link\" href=\"https:\/\/marcstschibi.ch\/index.php\/2022\/11\/04\/getraenkekarte\/\" ><div class=\"elementor-post__thumbnail\"><img loading=\"lazy\" decoding=\"async\" width=\"220\" height=\"300\" src=\"https:\/\/marcstschibi.ch\/wp-content\/uploads\/2022\/10\/20221026_131341-scaled-e1696502863221-220x300.jpg\" class=\"attachment-medium size-medium\" alt=\"\" srcset=\"https:\/\/marcstschibi.ch\/wp-content\/uploads\/2022\/10\/20221026_131341-scaled-e1696502863221-220x300.jpg 220w, https:\/\/marcstschibi.ch\/wp-content\/uploads\/2022\/10\/20221026_131341-scaled-e1696502863221-750x1024.jpg 750w, https:\/\/marcstschibi.ch\/wp-content\/uploads\/2022\/10\/20221026_131341-scaled-e1696502863221-768x1048.jpg 768w, https:\/\/marcstschibi.ch\/wp-content\/uploads\/2022\/10\/20221026_131341-scaled-e1696502863221-1125x1536.jpg 1125w, https:\/\/marcstschibi.ch\/wp-content\/uploads\/2022\/10\/20221026_131341-scaled-e1696502863221-1500x2048.jpg 1500w, https:\/\/marcstschibi.ch\/wp-content\/uploads\/2022\/10\/20221026_131341-scaled-e1696502863221.jpg 1800w\" sizes=\"auto, (max-width: 220px) 100vw, 220px\" \/><\/div><\/a>\n\t\t\t\t<div class=\"elementor-post__text\">\n\t\t\t\t<h3 class=\"elementor-post__title\">\n\t\t\t<a href=\"https:\/\/marcstschibi.ch\/index.php\/2022\/11\/04\/getraenkekarte\/\" >\n\t\t\t\tGetr\u00e4nkekarte\t\t\t<\/a>\n\t\t<\/h3>\n\t\t\t\t<div class=\"elementor-post__excerpt\">\n\t\t\t<p>Hier finden Sie unsere Getr\u00e4nkekarte. &nbsp;<\/p>\n\t\t<\/div>\n\t\t\n\t\t<a class=\"elementor-post__read-more\" href=\"https:\/\/marcstschibi.ch\/index.php\/2022\/11\/04\/getraenkekarte\/\" >\n\t\t\tWeiterlesen \u00bb\t\t<\/a>\n\n\t\t\t\t<\/div>\n\t\t\t\t\t<\/div>\n\t\t<\/article>\n\t\t\t\t<article class=\"elementor-post elementor-grid-item post-685 post type-post status-publish format-standard has-post-thumbnail hentry category-aktuelles category-angebot\">\n\t\t\t<div class=\"elementor-post__card\">\n\t\t\t\t<a class=\"elementor-post__thumbnail__link\" href=\"https:\/\/marcstschibi.ch\/index.php\/2022\/11\/04\/speisekarte\/\" ><div class=\"elementor-post__thumbnail\"><img loading=\"lazy\" decoding=\"async\" width=\"300\" height=\"225\" src=\"https:\/\/marcstschibi.ch\/wp-content\/uploads\/2022\/11\/Bild_Weinkarte-300x225.jpg\" class=\"attachment-medium size-medium\" alt=\"\" srcset=\"https:\/\/marcstschibi.ch\/wp-content\/uploads\/2022\/11\/Bild_Weinkarte-300x225.jpg 300w, https:\/\/marcstschibi.ch\/wp-content\/uploads\/2022\/11\/Bild_Weinkarte-1024x768.jpg 1024w, https:\/\/marcstschibi.ch\/wp-content\/uploads\/2022\/11\/Bild_Weinkarte-768x576.jpg 768w, https:\/\/marcstschibi.ch\/wp-content\/uploads\/2022\/11\/Bild_Weinkarte-1536x1152.jpg 1536w, https:\/\/marcstschibi.ch\/wp-content\/uploads\/2022\/11\/Bild_Weinkarte.jpg 1600w\" sizes=\"auto, (max-width: 300px) 100vw, 300px\" \/><\/div><\/a>\n\t\t\t\t<div class=\"elementor-post__text\">\n\t\t\t\t<h3 class=\"elementor-post__title\">\n\t\t\t<a href=\"https:\/\/marcstschibi.ch\/index.php\/2022\/11\/04\/speisekarte\/\" >\n\t\t\t\tWeinkarte\t\t\t<\/a>\n\t\t<\/h3>\n\t\t\t\t<div class=\"elementor-post__excerpt\">\n\t\t\t<p>Hier finden Sie unsere Weinkarte.<\/p>\n\t\t<\/div>\n\t\t\n\t\t<a class=\"elementor-post__read-more\" href=\"https:\/\/marcstschibi.ch\/index.php\/2022\/11\/04\/speisekarte\/\" >\n\t\t\tWeiterlesen \u00bb\t\t<\/a>\n\n\t\t\t\t<\/div>\n\t\t\t\t\t<\/div>\n\t\t<\/article>\n\t\t\t\t<\/div>\n\t\t\n\t\t\t\t<\/div>\n\t\t\t\t<\/div>\n\t\t\t\t\t<\/div>\n\t\t<\/div>\n\t\t\t\t\t\t\t<\/div>\n\t\t<\/section>\n\t\t\t\t<section class=\"elementor-section elementor-top-section elementor-element elementor-element-d8d3979 elementor-section-boxed elementor-section-height-default elementor-section-height-default\" data-id=\"d8d3979\" data-element_type=\"section\">\n\t\t\t\t\t\t<div class=\"elementor-container elementor-column-gap-default\">\n\t\t\t\t\t<div class=\"elementor-column elementor-col-100 elementor-top-column elementor-element elementor-element-d3514d9\" data-id=\"d3514d9\" data-element_type=\"column\">\n\t\t\t<div class=\"elementor-widget-wrap elementor-element-populated\">\n\t\t\t\t\t\t\t\t<div class=\"elementor-element elementor-element-ba6d519 elementor-widget elementor-widget-spacer\" data-id=\"ba6d519\" data-element_type=\"widget\" data-widget_type=\"spacer.default\">\n\t\t\t\t<div class=\"elementor-widget-container\">\n\t\t\t<style>\/*! elementor - v3.8.0 - 30-10-2022 *\/\n.elementor-column .elementor-spacer-inner{height:var(--spacer-size)}.e-con{--container-widget-width:100%}.e-con-inner>.elementor-widget-spacer,.e-con>.elementor-widget-spacer{width:var(--container-widget-width,var(--spacer-size));-ms-flex-item-align:stretch;align-self:stretch;-ms-flex-negative:0;flex-shrink:0}.e-con-inner>.elementor-widget-spacer>.elementor-widget-container,.e-con-inner>.elementor-widget-spacer>.elementor-widget-container>.elementor-spacer,.e-con>.elementor-widget-spacer>.elementor-widget-container,.e-con>.elementor-widget-spacer>.elementor-widget-container>.elementor-spacer{height:100%}.e-con-inner>.elementor-widget-spacer>.elementor-widget-container>.elementor-spacer>.elementor-spacer-inner,.e-con>.elementor-widget-spacer>.elementor-widget-container>.elementor-spacer>.elementor-spacer-inner{height:var(--container-widget-height,var(--spacer-size))}<\/style>\t\t<div class=\"elementor-spacer\">\n\t\t\t<div class=\"elementor-spacer-inner\"><\/div>\n\t\t<\/div>\n\t\t\t\t<\/div>\n\t\t\t\t<\/div>\n\t\t\t\t\t<\/div>\n\t\t<\/div>\n\t\t\t\t\t\t\t<\/div>\n\t\t<\/section>\n\t\t\t\t\t\t\t<\/div>\n\t\t","protected":false},"excerpt":{"rendered":"","protected":false},"author":1,"featured_media":0,"parent":61,"menu_order":0,"comment_status":"closed","ping_status":"closed","template":"elementor_theme","meta":{"footnotes":"","_expiration-date-status":"","_expiration-date":0,"_expiration-date-type":"","_expiration-date-categories":[],"_expiration-date-options":[]},"class_list":["post-792","page","type-page","status-publish","hentry"],"yoast_head":"<!-- This site is optimized with the Yoast SEO plugin v19.9 - https:\/\/yoast.com\/wordpress\/plugins\/seo\/ -->\n<title>Angebot - MARCS tschibi<\/title>\n<meta name=\"robots\" content=\"index, follow, max-snippet:-1, max-image-preview:large, max-video-preview:-1\" \/>\n<link rel=\"canonical\" href=\"https:\/\/marcstschibi.ch\/index.php\/home\/angebot\/\" \/>\n<meta property=\"og:locale\" content=\"de_DE\" \/>\n<meta property=\"og:type\" content=\"article\" \/>\n<meta property=\"og:title\" content=\"Angebot - MARCS tschibi\" \/>\n<meta property=\"og:url\" content=\"https:\/\/marcstschibi.ch\/index.php\/home\/angebot\/\" \/>\n<meta property=\"og:site_name\" content=\"MARCS tschibi\" \/>\n<meta property=\"article:modified_time\" content=\"2024-06-06T09:29:47+00:00\" \/>\n<meta name=\"twitter:card\" content=\"summary_large_image\" \/>\n<meta name=\"twitter:label1\" content=\"Gesch\u00e4tzte Lesezeit\" \/>\n\t<meta name=\"twitter:data1\" content=\"2\u00a0Minuten\" \/>\n<script type=\"application\/ld+json\" class=\"yoast-schema-graph\">{\"@context\":\"https:\/\/schema.org\",\"@graph\":[{\"@type\":\"WebPage\",\"@id\":\"https:\/\/marcstschibi.ch\/index.php\/home\/angebot\/\",\"url\":\"https:\/\/marcstschibi.ch\/index.php\/home\/angebot\/\",\"name\":\"Angebot - MARCS tschibi\",\"isPartOf\":{\"@id\":\"https:\/\/marcstschibi.ch\/#website\"},\"datePublished\":\"2022-11-04T10:17:41+00:00\",\"dateModified\":\"2024-06-06T09:29:47+00:00\",\"breadcrumb\":{\"@id\":\"https:\/\/marcstschibi.ch\/index.php\/home\/angebot\/#breadcrumb\"},\"inLanguage\":\"de\",\"potentialAction\":[{\"@type\":\"ReadAction\",\"target\":[\"https:\/\/marcstschibi.ch\/index.php\/home\/angebot\/\"]}]},{\"@type\":\"BreadcrumbList\",\"@id\":\"https:\/\/marcstschibi.ch\/index.php\/home\/angebot\/#breadcrumb\",\"itemListElement\":[{\"@type\":\"ListItem\",\"position\":1,\"name\":\"Startseite\",\"item\":\"https:\/\/marcstschibi.ch\/\"},{\"@type\":\"ListItem\",\"position\":2,\"name\":\"Herzlich willkommen\",\"item\":\"https:\/\/marcstschibi.ch\/\"},{\"@type\":\"ListItem\",\"position\":3,\"name\":\"Angebot\"}]},{\"@type\":\"WebSite\",\"@id\":\"https:\/\/marcstschibi.ch\/#website\",\"url\":\"https:\/\/marcstschibi.ch\/\",\"name\":\"MARCS tschibi\",\"description\":\"ESSEN &amp; TRINKEN\",\"publisher\":{\"@id\":\"https:\/\/marcstschibi.ch\/#organization\"},\"potentialAction\":[{\"@type\":\"SearchAction\",\"target\":{\"@type\":\"EntryPoint\",\"urlTemplate\":\"https:\/\/marcstschibi.ch\/?s={search_term_string}\"},\"query-input\":\"required name=search_term_string\"}],\"inLanguage\":\"de\"},{\"@type\":\"Organization\",\"@id\":\"https:\/\/marcstschibi.ch\/#organization\",\"name\":\"MARCS tschibi\",\"url\":\"https:\/\/marcstschibi.ch\/\",\"logo\":{\"@type\":\"ImageObject\",\"inLanguage\":\"de\",\"@id\":\"https:\/\/marcstschibi.ch\/#\/schema\/logo\/image\/\",\"url\":\"https:\/\/marcstschibi.ch\/wp-content\/uploads\/2022\/07\/02_Tschibi_Logo-scaled.jpg\",\"contentUrl\":\"https:\/\/marcstschibi.ch\/wp-content\/uploads\/2022\/07\/02_Tschibi_Logo-scaled.jpg\",\"width\":2560,\"height\":2083,\"caption\":\"MARCS tschibi\"},\"image\":{\"@id\":\"https:\/\/marcstschibi.ch\/#\/schema\/logo\/image\/\"}}]}<\/script>\n<!-- \/ Yoast SEO plugin. -->","yoast_head_json":{"title":"Angebot - MARCS tschibi","robots":{"index":"index","follow":"follow","max-snippet":"max-snippet:-1","max-image-preview":"max-image-preview:large","max-video-preview":"max-video-preview:-1"},"canonical":"https:\/\/marcstschibi.ch\/index.php\/home\/angebot\/","og_locale":"de_DE","og_type":"article","og_title":"Angebot - MARCS tschibi","og_url":"https:\/\/marcstschibi.ch\/index.php\/home\/angebot\/","og_site_name":"MARCS tschibi","article_modified_time":"2024-06-06T09:29:47+00:00","twitter_card":"summary_large_image","twitter_misc":{"Gesch\u00e4tzte Lesezeit":"2\u00a0Minuten"},"schema":{"@context":"https:\/\/schema.org","@graph":[{"@type":"WebPage","@id":"https:\/\/marcstschibi.ch\/index.php\/home\/angebot\/","url":"https:\/\/marcstschibi.ch\/index.php\/home\/angebot\/","name":"Angebot - MARCS tschibi","isPartOf":{"@id":"https:\/\/marcstschibi.ch\/#website"},"datePublished":"2022-11-04T10:17:41+00:00","dateModified":"2024-06-06T09:29:47+00:00","breadcrumb":{"@id":"https:\/\/marcstschibi.ch\/index.php\/home\/angebot\/#breadcrumb"},"inLanguage":"de","potentialAction":[{"@type":"ReadAction","target":["https:\/\/marcstschibi.ch\/index.php\/home\/angebot\/"]}]},{"@type":"BreadcrumbList","@id":"https:\/\/marcstschibi.ch\/index.php\/home\/angebot\/#breadcrumb","itemListElement":[{"@type":"ListItem","position":1,"name":"Startseite","item":"https:\/\/marcstschibi.ch\/"},{"@type":"ListItem","position":2,"name":"Herzlich willkommen","item":"https:\/\/marcstschibi.ch\/"},{"@type":"ListItem","position":3,"name":"Angebot"}]},{"@type":"WebSite","@id":"https:\/\/marcstschibi.ch\/#website","url":"https:\/\/marcstschibi.ch\/","name":"MARCS tschibi","description":"ESSEN &amp; TRINKEN","publisher":{"@id":"https:\/\/marcstschibi.ch\/#organization"},"potentialAction":[{"@type":"SearchAction","target":{"@type":"EntryPoint","urlTemplate":"https:\/\/marcstschibi.ch\/?s={search_term_string}"},"query-input":"required name=search_term_string"}],"inLanguage":"de"},{"@type":"Organization","@id":"https:\/\/marcstschibi.ch\/#organization","name":"MARCS tschibi","url":"https:\/\/marcstschibi.ch\/","logo":{"@type":"ImageObject","inLanguage":"de","@id":"https:\/\/marcstschibi.ch\/#\/schema\/logo\/image\/","url":"https:\/\/marcstschibi.ch\/wp-content\/uploads\/2022\/07\/02_Tschibi_Logo-scaled.jpg","contentUrl":"https:\/\/marcstschibi.ch\/wp-content\/uploads\/2022\/07\/02_Tschibi_Logo-scaled.jpg","width":2560,"height":2083,"caption":"MARCS tschibi"},"image":{"@id":"https:\/\/marcstschibi.ch\/#\/schema\/logo\/image\/"}}]}},"_links":{"self":[{"href":"https:\/\/marcstschibi.ch\/index.php\/wp-json\/wp\/v2\/pages\/792","targetHints":{"allow":["GET"]}}],"collection":[{"href":"https:\/\/marcstschibi.ch\/index.php\/wp-json\/wp\/v2\/pages"}],"about":[{"href":"https:\/\/marcstschibi.ch\/index.php\/wp-json\/wp\/v2\/types\/page"}],"author":[{"embeddable":true,"href":"https:\/\/marcstschibi.ch\/index.php\/wp-json\/wp\/v2\/users\/1"}],"replies":[{"embeddable":true,"href":"https:\/\/marcstschibi.ch\/index.php\/wp-json\/wp\/v2\/comments?post=792"}],"version-history":[{"count":13,"href":"https:\/\/marcstschibi.ch\/index.php\/wp-json\/wp\/v2\/pages\/792\/revisions"}],"predecessor-version":[{"id":806,"href":"https:\/\/marcstschibi.ch\/index.php\/wp-json\/wp\/v2\/pages\/792\/revisions\/806"}],"up":[{"embeddable":true,"href":"https:\/\/marcstschibi.ch\/index.php\/wp-json\/wp\/v2\/pages\/61"}],"wp:attachment":[{"href":"https:\/\/marcstschibi.ch\/index.php\/wp-json\/wp\/v2\/media?parent=792"}],"curies":[{"name":"wp","href":"https:\/\/api.w.org\/{rel}","templated":true}]}}